{"id":3487,"date":"2023-03-29T19:25:43","date_gmt":"2023-03-29T17:25:43","guid":{"rendered":"https:\/\/www.name-city.fr\/?page_id=3487"},"modified":"2023-03-31T19:38:09","modified_gmt":"2023-03-31T17:38:09","slug":"dacia-spring","status":"publish","type":"page","link":"https:\/\/name-city.fr\/index.php\/success-stories\/dacia-spring\/","title":{"rendered":"Dacia Spring 100 % \u00e9lectrique"},"content":{"rendered":"<p>Quoi de plus \u00e9lectrisant que le printemps ? Ce moment qui c\u00e9l\u00e8bre la fin de l\u2019hiver et la renaissance de la nature. Aujourd\u2019hui, c\u2019est aussi le renouveau de la voiture dont on peut se r\u00e9jouir. M\u00eame s\u2019il reste de la route, l\u2019\u00e9lectrique est sur le bond chemin. En anglais, si SPRING, se traduit par \u00ab printemps \u00bb, il se comprend aussi comme source, bond ressort et entrain. Tout un programme pour cette voiture 100 % \u00e9lectrique et \u00e9clectique.<\/p>\n<p>Pens\u00e9e pour r\u00e9duire l\u2019empreinte carbone, DACIA SPRING est bien partie pour laisser sa trace. Cette voiture urbaine \u00e9cologique qui n\u2019oublie pas d\u2019\u00eatre \u00e9conomique peut en \u00eatre fi\u00e8re : DACIA SPRING est depuis le d\u00e9but de l\u2019ann\u00e9e 2023, num\u00e9ro 1 des ventes de voitures \u00e9lectriques en France !<\/p>\n<p>&nbsp;<\/p>\n","protected":false},"excerpt":{"rendered":"<p>Quoi de plus &eacute;lectrisant que le printemps ? Ce moment qui c&eacute;l&egrave;bre la fin de l&rsquo;hiver et la renaissance de la nature. Aujourd&rsquo;hui, c&rsquo;est aussi le renouveau de la voiture dont on peut se r&eacute;jouir. M&ecirc;me s&rsquo;il reste de la route, l&rsquo;&eacute;lectrique est sur le bond chemin. En anglais, si SPRING, se traduit par &laquo; [&hellip;]<\/p>\n","protected":false},"author":1,"featured_media":0,"parent":3081,"menu_order":1,"comment_status":"closed","ping_status":"closed","template":"","meta":{"footnotes":""},"class_list":["post-3487","page","type-page","status-publish","hentry"],"yoast_head":"<!-- This site is optimized with the Yoast SEO plugin v23.9 - https:\/\/yoast.com\/wordpress\/plugins\/seo\/ -->\n<title>Dacia Spring 100 % \u00e9lectrique - NAME CITY - Agence de cr\u00e9ation de noms et de contenus<\/title>\n<meta name=\"robots\" content=\"index, follow, max-snippet:-1, max-image-preview:large, max-video-preview:-1\" \/>\n<link rel=\"canonical\" href=\"https:\/\/name-city.fr\/index.php\/success-stories\/dacia-spring\/\" \/>\n<meta property=\"og:locale\" content=\"fr_FR\" \/>\n<meta property=\"og:type\" content=\"article\" \/>\n<meta property=\"og:title\" content=\"Dacia Spring 100 % \u00e9lectrique - NAME CITY - Agence de cr\u00e9ation de noms et de contenus\" \/>\n<meta property=\"og:description\" content=\"Quoi de plus &eacute;lectrisant que le printemps ? Ce moment qui c&eacute;l&egrave;bre la fin de l&rsquo;hiver et la renaissance de la nature. Aujourd&rsquo;hui, c&rsquo;est aussi le renouveau de la voiture dont on peut se r&eacute;jouir. M&ecirc;me s&rsquo;il reste de la route, l&rsquo;&eacute;lectrique est sur le bond chemin. En anglais, si SPRING, se traduit par &laquo; [&hellip;]\" \/>\n<meta property=\"og:url\" content=\"https:\/\/name-city.fr\/index.php\/success-stories\/dacia-spring\/\" \/>\n<meta property=\"og:site_name\" content=\"NAME CITY - Agence de cr\u00e9ation de noms et de contenus\" \/>\n<meta property=\"article:modified_time\" content=\"2023-03-31T17:38:09+00:00\" \/>\n<meta name=\"twitter:card\" content=\"summary_large_image\" \/>\n<meta name=\"twitter:label1\" content=\"Dur\u00e9e de lecture estim\u00e9e\" \/>\n\t<meta name=\"twitter:data1\" content=\"1 minute\" \/>\n<script type=\"application\/ld+json\" class=\"yoast-schema-graph\">{\"@context\":\"https:\/\/schema.org\",\"@graph\":[{\"@type\":\"WebPage\",\"@id\":\"https:\/\/name-city.fr\/index.php\/success-stories\/dacia-spring\/\",\"url\":\"https:\/\/name-city.fr\/index.php\/success-stories\/dacia-spring\/\",\"name\":\"Dacia Spring 100 % \u00e9lectrique - NAME CITY - Agence de cr\u00e9ation de noms et de contenus\",\"isPartOf\":{\"@id\":\"https:\/\/name-city.fr\/#website\"},\"datePublished\":\"2023-03-29T17:25:43+00:00\",\"dateModified\":\"2023-03-31T17:38:09+00:00\",\"breadcrumb\":{\"@id\":\"https:\/\/name-city.fr\/index.php\/success-stories\/dacia-spring\/#breadcrumb\"},\"inLanguage\":\"fr-FR\",\"potentialAction\":[{\"@type\":\"ReadAction\",\"target\":[\"https:\/\/name-city.fr\/index.php\/success-stories\/dacia-spring\/\"]}]},{\"@type\":\"BreadcrumbList\",\"@id\":\"https:\/\/name-city.fr\/index.php\/success-stories\/dacia-spring\/#breadcrumb\",\"itemListElement\":[{\"@type\":\"ListItem\",\"position\":1,\"name\":\"Accueil\",\"item\":\"https:\/\/name-city.fr\/\"},{\"@type\":\"ListItem\",\"position\":2,\"name\":\"Success Stories\",\"item\":\"https:\/\/name-city.fr\/index.php\/success-stories\/\"},{\"@type\":\"ListItem\",\"position\":3,\"name\":\"Dacia Spring 100 % \u00e9lectrique\"}]},{\"@type\":\"WebSite\",\"@id\":\"https:\/\/name-city.fr\/#website\",\"url\":\"https:\/\/name-city.fr\/\",\"name\":\"NAME CITY - Agence de cr\u00e9ation de noms et de contenus\",\"description\":\"\",\"publisher\":{\"@id\":\"https:\/\/name-city.fr\/#organization\"},\"potentialAction\":[{\"@type\":\"SearchAction\",\"target\":{\"@type\":\"EntryPoint\",\"urlTemplate\":\"https:\/\/name-city.fr\/?s={search_term_string}\"},\"query-input\":{\"@type\":\"PropertyValueSpecification\",\"valueRequired\":true,\"valueName\":\"search_term_string\"}}],\"inLanguage\":\"fr-FR\"},{\"@type\":\"Organization\",\"@id\":\"https:\/\/name-city.fr\/#organization\",\"name\":\"Name City\",\"url\":\"https:\/\/name-city.fr\/\",\"logo\":{\"@type\":\"ImageObject\",\"inLanguage\":\"fr-FR\",\"@id\":\"https:\/\/name-city.fr\/#\/schema\/logo\/image\/\",\"url\":\"https:\/\/name-city.fr\/wp-content\/uploads\/cropped-Logo-Name-City-blanc2.png\",\"contentUrl\":\"https:\/\/name-city.fr\/wp-content\/uploads\/cropped-Logo-Name-City-blanc2.png\",\"width\":1492,\"height\":537,\"caption\":\"Name City\"},\"image\":{\"@id\":\"https:\/\/name-city.fr\/#\/schema\/logo\/image\/\"},\"sameAs\":[\"https:\/\/www.linkedin.com\/company\/3034367\/admin\/\"]}]}<\/script>\n<!-- \/ Yoast SEO plugin. -->","yoast_head_json":{"title":"Dacia Spring 100 % \u00e9lectrique - NAME CITY - Agence de cr\u00e9ation de noms et de contenus","robots":{"index":"index","follow":"follow","max-snippet":"max-snippet:-1","max-image-preview":"max-image-preview:large","max-video-preview":"max-video-preview:-1"},"canonical":"https:\/\/name-city.fr\/index.php\/success-stories\/dacia-spring\/","og_locale":"fr_FR","og_type":"article","og_title":"Dacia Spring 100 % \u00e9lectrique - NAME CITY - Agence de cr\u00e9ation de noms et de contenus","og_description":"Quoi de plus &eacute;lectrisant que le printemps ? Ce moment qui c&eacute;l&egrave;bre la fin de l&rsquo;hiver et la renaissance de la nature. Aujourd&rsquo;hui, c&rsquo;est aussi le renouveau de la voiture dont on peut se r&eacute;jouir. M&ecirc;me s&rsquo;il reste de la route, l&rsquo;&eacute;lectrique est sur le bond chemin. En anglais, si SPRING, se traduit par &laquo; [&hellip;]","og_url":"https:\/\/name-city.fr\/index.php\/success-stories\/dacia-spring\/","og_site_name":"NAME CITY - Agence de cr\u00e9ation de noms et de contenus","article_modified_time":"2023-03-31T17:38:09+00:00","twitter_card":"summary_large_image","twitter_misc":{"Dur\u00e9e de lecture estim\u00e9e":"1 minute"},"schema":{"@context":"https:\/\/schema.org","@graph":[{"@type":"WebPage","@id":"https:\/\/name-city.fr\/index.php\/success-stories\/dacia-spring\/","url":"https:\/\/name-city.fr\/index.php\/success-stories\/dacia-spring\/","name":"Dacia Spring 100 % \u00e9lectrique - NAME CITY - Agence de cr\u00e9ation de noms et de contenus","isPartOf":{"@id":"https:\/\/name-city.fr\/#website"},"datePublished":"2023-03-29T17:25:43+00:00","dateModified":"2023-03-31T17:38:09+00:00","breadcrumb":{"@id":"https:\/\/name-city.fr\/index.php\/success-stories\/dacia-spring\/#breadcrumb"},"inLanguage":"fr-FR","potentialAction":[{"@type":"ReadAction","target":["https:\/\/name-city.fr\/index.php\/success-stories\/dacia-spring\/"]}]},{"@type":"BreadcrumbList","@id":"https:\/\/name-city.fr\/index.php\/success-stories\/dacia-spring\/#breadcrumb","itemListElement":[{"@type":"ListItem","position":1,"name":"Accueil","item":"https:\/\/name-city.fr\/"},{"@type":"ListItem","position":2,"name":"Success Stories","item":"https:\/\/name-city.fr\/index.php\/success-stories\/"},{"@type":"ListItem","position":3,"name":"Dacia Spring 100 % \u00e9lectrique"}]},{"@type":"WebSite","@id":"https:\/\/name-city.fr\/#website","url":"https:\/\/name-city.fr\/","name":"NAME CITY - Agence de cr\u00e9ation de noms et de contenus","description":"","publisher":{"@id":"https:\/\/name-city.fr\/#organization"},"potentialAction":[{"@type":"SearchAction","target":{"@type":"EntryPoint","urlTemplate":"https:\/\/name-city.fr\/?s={search_term_string}"},"query-input":{"@type":"PropertyValueSpecification","valueRequired":true,"valueName":"search_term_string"}}],"inLanguage":"fr-FR"},{"@type":"Organization","@id":"https:\/\/name-city.fr\/#organization","name":"Name City","url":"https:\/\/name-city.fr\/","logo":{"@type":"ImageObject","inLanguage":"fr-FR","@id":"https:\/\/name-city.fr\/#\/schema\/logo\/image\/","url":"https:\/\/name-city.fr\/wp-content\/uploads\/cropped-Logo-Name-City-blanc2.png","contentUrl":"https:\/\/name-city.fr\/wp-content\/uploads\/cropped-Logo-Name-City-blanc2.png","width":1492,"height":537,"caption":"Name City"},"image":{"@id":"https:\/\/name-city.fr\/#\/schema\/logo\/image\/"},"sameAs":["https:\/\/www.linkedin.com\/company\/3034367\/admin\/"]}]}},"_links":{"self":[{"href":"https:\/\/name-city.fr\/index.php\/wp-json\/wp\/v2\/pages\/3487","targetHints":{"allow":["GET"]}}],"collection":[{"href":"https:\/\/name-city.fr\/index.php\/wp-json\/wp\/v2\/pages"}],"about":[{"href":"https:\/\/name-city.fr\/index.php\/wp-json\/wp\/v2\/types\/page"}],"author":[{"embeddable":true,"href":"https:\/\/name-city.fr\/index.php\/wp-json\/wp\/v2\/users\/1"}],"replies":[{"embeddable":true,"href":"https:\/\/name-city.fr\/index.php\/wp-json\/wp\/v2\/comments?post=3487"}],"version-history":[{"count":3,"href":"https:\/\/name-city.fr\/index.php\/wp-json\/wp\/v2\/pages\/3487\/revisions"}],"predecessor-version":[{"id":3491,"href":"https:\/\/name-city.fr\/index.php\/wp-json\/wp\/v2\/pages\/3487\/revisions\/3491"}],"up":[{"embeddable":true,"href":"https:\/\/name-city.fr\/index.php\/wp-json\/wp\/v2\/pages\/3081"}],"wp:attachment":[{"href":"https:\/\/name-city.fr\/index.php\/wp-json\/wp\/v2\/media?parent=3487"}],"curies":[{"name":"wp","href":"https:\/\/api.w.org\/{rel}","templated":true}]}}