{"id":3079,"date":"2021-09-30T16:20:11","date_gmt":"2021-09-30T14:20:11","guid":{"rendered":"https:\/\/www.name-city.fr\/?page_id=3079"},"modified":"2023-03-31T19:44:27","modified_gmt":"2023-03-31T17:44:27","slug":"swixim","status":"publish","type":"page","link":"https:\/\/name-city.fr\/index.php\/success-stories\/swixim\/","title":{"rendered":"Swixim"},"content":{"rendered":"<h5 id=\"subtitle\">Immo39<\/h5>\n<h4>Swixim<\/h4>\n<div id=\"text_container\">\n<div class=\"jspContainer\">\n<div class=\"jspPane\">\n<p id=\"chapo\">En r\u00e9sonance avec la modernit\u00e9 de marques suisses r\u00e9put\u00e9es, telles que Swatch ou Smart, Swixim est devenue la premi\u00e8re franchise immobili\u00e8re en Suisse<\/p>\n<p>A l\u2019initiative de son dynamique fondateur, Immo 39, r\u00e9seau d\u2019agence immobili\u00e8res du Jura, envisage de passer \u00e0 la vitesse sup\u00e9rieure. Son objectif\u00a0: \u00e9tendre le r\u00e9seau \u00e0 la Suisse toute proche avec une nouvelle d\u00e9nomination sociale. En r\u00e9sonance avec des marques suisses modernes mondialement connues, telles que Swatch ou Smart, Name City cr\u00e9e Swixim, le nom de la nouvelle marque ainsi que son logo et sa signature\u00a0: \u00ab\u00a0L\u2019immobilier gagne en assurance\u00a0\u00bb. Depuis, la marque s\u2019est largement fait conna\u00eetre\u00a0: en 10 ans Swixim est devenue la premi\u00e8re franchise immobili\u00e8re en Suisse\u00a0!<\/p>\n<\/div>\n<\/div>\n<\/div>\n","protected":false},"excerpt":{"rendered":"<p>Immo39 Swixim En r&eacute;sonance avec la modernit&eacute; de marques suisses r&eacute;put&eacute;es, telles que Swatch ou Smart, Swixim est devenue la premi&egrave;re franchise immobili&egrave;re en Suisse A l&rsquo;initiative de son dynamique fondateur, Immo 39, r&eacute;seau d&rsquo;agence immobili&egrave;res du Jura, envisage de passer &agrave; la vitesse sup&eacute;rieure. Son objectif&nbsp;: &eacute;tendre le r&eacute;seau &agrave; la Suisse toute proche [&hellip;]<\/p>\n","protected":false},"author":1,"featured_media":0,"parent":3081,"menu_order":4,"comment_status":"closed","ping_status":"closed","template":"","meta":{"footnotes":""},"class_list":["post-3079","page","type-page","status-publish","hentry"],"yoast_head":"<!-- This site is optimized with the Yoast SEO plugin v23.9 - https:\/\/yoast.com\/wordpress\/plugins\/seo\/ -->\n<title>Swixim - NAME CITY - Agence de cr\u00e9ation de noms et de contenus<\/title>\n<meta name=\"description\" content=\"En r\u00e9sonance avec la modernit\u00e9 de marques suisses r\u00e9put\u00e9es, telles que Swatch ou Smart, Swixim est devenue la premi\u00e8re franchise immobili\u00e8re en SuisseA l\u2019initiative de son dynamique fondateur, Immo 39, r\u00e9seau d\u2019agence immobili\u00e8res du Jura, envisage de passer \u00e0 la vitesse sup\u00e9rieure. Son objectif\u00a0: \u00e9tendre le r\u00e9seau \u00e0 la Suisse toute proche avec une nouvelle d\u00e9nomination sociale.\" \/>\n<meta name=\"robots\" content=\"index, follow, max-snippet:-1, max-image-preview:large, max-video-preview:-1\" \/>\n<link rel=\"canonical\" href=\"https:\/\/name-city.fr\/index.php\/success-stories\/swixim\/\" \/>\n<meta property=\"og:locale\" content=\"fr_FR\" \/>\n<meta property=\"og:type\" content=\"article\" \/>\n<meta property=\"og:title\" content=\"Swixim - NAME CITY - Agence de cr\u00e9ation de noms et de contenus\" \/>\n<meta property=\"og:description\" content=\"En r\u00e9sonance avec la modernit\u00e9 de marques suisses r\u00e9put\u00e9es, telles que Swatch ou Smart, Swixim est devenue la premi\u00e8re franchise immobili\u00e8re en SuisseA l\u2019initiative de son dynamique fondateur, Immo 39, r\u00e9seau d\u2019agence immobili\u00e8res du Jura, envisage de passer \u00e0 la vitesse sup\u00e9rieure. Son objectif\u00a0: \u00e9tendre le r\u00e9seau \u00e0 la Suisse toute proche avec une nouvelle d\u00e9nomination sociale.\" \/>\n<meta property=\"og:url\" content=\"https:\/\/name-city.fr\/index.php\/success-stories\/swixim\/\" \/>\n<meta property=\"og:site_name\" content=\"NAME CITY - Agence de cr\u00e9ation de noms et de contenus\" \/>\n<meta property=\"article:modified_time\" content=\"2023-03-31T17:44:27+00:00\" \/>\n<meta name=\"twitter:card\" content=\"summary_large_image\" \/>\n<meta name=\"twitter:label1\" content=\"Dur\u00e9e de lecture estim\u00e9e\" \/>\n\t<meta name=\"twitter:data1\" content=\"1 minute\" \/>\n<script type=\"application\/ld+json\" class=\"yoast-schema-graph\">{\"@context\":\"https:\/\/schema.org\",\"@graph\":[{\"@type\":\"WebPage\",\"@id\":\"https:\/\/name-city.fr\/index.php\/success-stories\/swixim\/\",\"url\":\"https:\/\/name-city.fr\/index.php\/success-stories\/swixim\/\",\"name\":\"Swixim - NAME CITY - Agence de cr\u00e9ation de noms et de contenus\",\"isPartOf\":{\"@id\":\"https:\/\/name-city.fr\/#website\"},\"datePublished\":\"2021-09-30T14:20:11+00:00\",\"dateModified\":\"2023-03-31T17:44:27+00:00\",\"description\":\"En r\u00e9sonance avec la modernit\u00e9 de marques suisses r\u00e9put\u00e9es, telles que Swatch ou Smart, Swixim est devenue la premi\u00e8re franchise immobili\u00e8re en SuisseA l\u2019initiative de son dynamique fondateur, Immo 39, r\u00e9seau d\u2019agence immobili\u00e8res du Jura, envisage de passer \u00e0 la vitesse sup\u00e9rieure. Son objectif\u00a0: \u00e9tendre le r\u00e9seau \u00e0 la Suisse toute proche avec une nouvelle d\u00e9nomination sociale.\",\"breadcrumb\":{\"@id\":\"https:\/\/name-city.fr\/index.php\/success-stories\/swixim\/#breadcrumb\"},\"inLanguage\":\"fr-FR\",\"potentialAction\":[{\"@type\":\"ReadAction\",\"target\":[\"https:\/\/name-city.fr\/index.php\/success-stories\/swixim\/\"]}]},{\"@type\":\"BreadcrumbList\",\"@id\":\"https:\/\/name-city.fr\/index.php\/success-stories\/swixim\/#breadcrumb\",\"itemListElement\":[{\"@type\":\"ListItem\",\"position\":1,\"name\":\"Accueil\",\"item\":\"https:\/\/name-city.fr\/\"},{\"@type\":\"ListItem\",\"position\":2,\"name\":\"Success Stories\",\"item\":\"https:\/\/name-city.fr\/index.php\/success-stories\/\"},{\"@type\":\"ListItem\",\"position\":3,\"name\":\"Swixim\"}]},{\"@type\":\"WebSite\",\"@id\":\"https:\/\/name-city.fr\/#website\",\"url\":\"https:\/\/name-city.fr\/\",\"name\":\"NAME CITY - Agence de cr\u00e9ation de noms et de contenus\",\"description\":\"\",\"publisher\":{\"@id\":\"https:\/\/name-city.fr\/#organization\"},\"potentialAction\":[{\"@type\":\"SearchAction\",\"target\":{\"@type\":\"EntryPoint\",\"urlTemplate\":\"https:\/\/name-city.fr\/?s={search_term_string}\"},\"query-input\":{\"@type\":\"PropertyValueSpecification\",\"valueRequired\":true,\"valueName\":\"search_term_string\"}}],\"inLanguage\":\"fr-FR\"},{\"@type\":\"Organization\",\"@id\":\"https:\/\/name-city.fr\/#organization\",\"name\":\"Name City\",\"url\":\"https:\/\/name-city.fr\/\",\"logo\":{\"@type\":\"ImageObject\",\"inLanguage\":\"fr-FR\",\"@id\":\"https:\/\/name-city.fr\/#\/schema\/logo\/image\/\",\"url\":\"https:\/\/name-city.fr\/wp-content\/uploads\/cropped-Logo-Name-City-blanc2.png\",\"contentUrl\":\"https:\/\/name-city.fr\/wp-content\/uploads\/cropped-Logo-Name-City-blanc2.png\",\"width\":1492,\"height\":537,\"caption\":\"Name City\"},\"image\":{\"@id\":\"https:\/\/name-city.fr\/#\/schema\/logo\/image\/\"},\"sameAs\":[\"https:\/\/www.linkedin.com\/company\/3034367\/admin\/\"]}]}<\/script>\n<!-- \/ Yoast SEO plugin. -->","yoast_head_json":{"title":"Swixim - NAME CITY - Agence de cr\u00e9ation de noms et de contenus","description":"En r\u00e9sonance avec la modernit\u00e9 de marques suisses r\u00e9put\u00e9es, telles que Swatch ou Smart, Swixim est devenue la premi\u00e8re franchise immobili\u00e8re en SuisseA l\u2019initiative de son dynamique fondateur, Immo 39, r\u00e9seau d\u2019agence immobili\u00e8res du Jura, envisage de passer \u00e0 la vitesse sup\u00e9rieure. Son objectif\u00a0: \u00e9tendre le r\u00e9seau \u00e0 la Suisse toute proche avec une nouvelle d\u00e9nomination sociale.","robots":{"index":"index","follow":"follow","max-snippet":"max-snippet:-1","max-image-preview":"max-image-preview:large","max-video-preview":"max-video-preview:-1"},"canonical":"https:\/\/name-city.fr\/index.php\/success-stories\/swixim\/","og_locale":"fr_FR","og_type":"article","og_title":"Swixim - NAME CITY - Agence de cr\u00e9ation de noms et de contenus","og_description":"En r\u00e9sonance avec la modernit\u00e9 de marques suisses r\u00e9put\u00e9es, telles que Swatch ou Smart, Swixim est devenue la premi\u00e8re franchise immobili\u00e8re en SuisseA l\u2019initiative de son dynamique fondateur, Immo 39, r\u00e9seau d\u2019agence immobili\u00e8res du Jura, envisage de passer \u00e0 la vitesse sup\u00e9rieure. Son objectif\u00a0: \u00e9tendre le r\u00e9seau \u00e0 la Suisse toute proche avec une nouvelle d\u00e9nomination sociale.","og_url":"https:\/\/name-city.fr\/index.php\/success-stories\/swixim\/","og_site_name":"NAME CITY - Agence de cr\u00e9ation de noms et de contenus","article_modified_time":"2023-03-31T17:44:27+00:00","twitter_card":"summary_large_image","twitter_misc":{"Dur\u00e9e de lecture estim\u00e9e":"1 minute"},"schema":{"@context":"https:\/\/schema.org","@graph":[{"@type":"WebPage","@id":"https:\/\/name-city.fr\/index.php\/success-stories\/swixim\/","url":"https:\/\/name-city.fr\/index.php\/success-stories\/swixim\/","name":"Swixim - NAME CITY - Agence de cr\u00e9ation de noms et de contenus","isPartOf":{"@id":"https:\/\/name-city.fr\/#website"},"datePublished":"2021-09-30T14:20:11+00:00","dateModified":"2023-03-31T17:44:27+00:00","description":"En r\u00e9sonance avec la modernit\u00e9 de marques suisses r\u00e9put\u00e9es, telles que Swatch ou Smart, Swixim est devenue la premi\u00e8re franchise immobili\u00e8re en SuisseA l\u2019initiative de son dynamique fondateur, Immo 39, r\u00e9seau d\u2019agence immobili\u00e8res du Jura, envisage de passer \u00e0 la vitesse sup\u00e9rieure. Son objectif\u00a0: \u00e9tendre le r\u00e9seau \u00e0 la Suisse toute proche avec une nouvelle d\u00e9nomination sociale.","breadcrumb":{"@id":"https:\/\/name-city.fr\/index.php\/success-stories\/swixim\/#breadcrumb"},"inLanguage":"fr-FR","potentialAction":[{"@type":"ReadAction","target":["https:\/\/name-city.fr\/index.php\/success-stories\/swixim\/"]}]},{"@type":"BreadcrumbList","@id":"https:\/\/name-city.fr\/index.php\/success-stories\/swixim\/#breadcrumb","itemListElement":[{"@type":"ListItem","position":1,"name":"Accueil","item":"https:\/\/name-city.fr\/"},{"@type":"ListItem","position":2,"name":"Success Stories","item":"https:\/\/name-city.fr\/index.php\/success-stories\/"},{"@type":"ListItem","position":3,"name":"Swixim"}]},{"@type":"WebSite","@id":"https:\/\/name-city.fr\/#website","url":"https:\/\/name-city.fr\/","name":"NAME CITY - Agence de cr\u00e9ation de noms et de contenus","description":"","publisher":{"@id":"https:\/\/name-city.fr\/#organization"},"potentialAction":[{"@type":"SearchAction","target":{"@type":"EntryPoint","urlTemplate":"https:\/\/name-city.fr\/?s={search_term_string}"},"query-input":{"@type":"PropertyValueSpecification","valueRequired":true,"valueName":"search_term_string"}}],"inLanguage":"fr-FR"},{"@type":"Organization","@id":"https:\/\/name-city.fr\/#organization","name":"Name City","url":"https:\/\/name-city.fr\/","logo":{"@type":"ImageObject","inLanguage":"fr-FR","@id":"https:\/\/name-city.fr\/#\/schema\/logo\/image\/","url":"https:\/\/name-city.fr\/wp-content\/uploads\/cropped-Logo-Name-City-blanc2.png","contentUrl":"https:\/\/name-city.fr\/wp-content\/uploads\/cropped-Logo-Name-City-blanc2.png","width":1492,"height":537,"caption":"Name City"},"image":{"@id":"https:\/\/name-city.fr\/#\/schema\/logo\/image\/"},"sameAs":["https:\/\/www.linkedin.com\/company\/3034367\/admin\/"]}]}},"_links":{"self":[{"href":"https:\/\/name-city.fr\/index.php\/wp-json\/wp\/v2\/pages\/3079","targetHints":{"allow":["GET"]}}],"collection":[{"href":"https:\/\/name-city.fr\/index.php\/wp-json\/wp\/v2\/pages"}],"about":[{"href":"https:\/\/name-city.fr\/index.php\/wp-json\/wp\/v2\/types\/page"}],"author":[{"embeddable":true,"href":"https:\/\/name-city.fr\/index.php\/wp-json\/wp\/v2\/users\/1"}],"replies":[{"embeddable":true,"href":"https:\/\/name-city.fr\/index.php\/wp-json\/wp\/v2\/comments?post=3079"}],"version-history":[{"count":3,"href":"https:\/\/name-city.fr\/index.php\/wp-json\/wp\/v2\/pages\/3079\/revisions"}],"predecessor-version":[{"id":3492,"href":"https:\/\/name-city.fr\/index.php\/wp-json\/wp\/v2\/pages\/3079\/revisions\/3492"}],"up":[{"embeddable":true,"href":"https:\/\/name-city.fr\/index.php\/wp-json\/wp\/v2\/pages\/3081"}],"wp:attachment":[{"href":"https:\/\/name-city.fr\/index.php\/wp-json\/wp\/v2\/media?parent=3079"}],"curies":[{"name":"wp","href":"https:\/\/api.w.org\/{rel}","templated":true}]}}