{"id":3075,"date":"2021-09-30T16:22:24","date_gmt":"2021-09-30T14:22:24","guid":{"rendered":"https:\/\/www.name-city.fr\/?page_id=3075"},"modified":"2023-03-31T19:43:12","modified_gmt":"2023-03-31T17:43:12","slug":"collageneer","status":"publish","type":"page","link":"https:\/\/name-city.fr\/index.php\/success-stories\/collageneer\/","title":{"rendered":"Collageneer"},"content":{"rendered":"<h5 id=\"subtitle\">Laboratoires Expanscience<\/h5>\n<h4>Collageneer<\/h4>\n<div id=\"text_container\">\n<div class=\"jspContainer\">\n<div class=\"jspPane\">\n<p id=\"chapo\">Signant la vocation de recherche des Laboratoires Expanscience, la nouvelle marque BtoB voit la courbe de ses ventes s&rsquo;envoler<\/p>\n<p>Si vous pensez que les produits BtoB peuvent faire l\u2019\u00e9conomie d\u2019un bon nom de marque, lisez cette success story.\u00a0 Longtemps, sous le nom\u00a0d\u2019extrait de lupin, les Laboratoires Expanscience ont propos\u00e9 aux grands industriels de la beaut\u00e9 un actif cosm\u00e9tique am\u00e9liorant consid\u00e9rablement le collag\u00e8ne de la peau. Rebaptis\u00e9e Collageneer par Name City, la marque conna\u00eet alors un rebond notable et voit s\u2019envoler la courbe des ventes. Modernis\u00e9e, illustrant la vocation de recherche des Laboratoires Expanscience, Collageneer conna\u00eet un v\u00e9ritable succ\u00e8s. Aujourd&rsquo;hui, certaines marques cosm\u00e9tiques demandent m\u00eame \u00e0 faire figurer clairement le nom de cet actif sur leur packaging en point de vente.<\/p>\n<\/div>\n<\/div>\n<\/div>\n","protected":false},"excerpt":{"rendered":"<p>Laboratoires Expanscience Collageneer Signant la vocation de recherche des Laboratoires Expanscience, la nouvelle marque BtoB voit la courbe de ses ventes s&rsquo;envoler Si vous pensez que les produits BtoB peuvent faire l&rsquo;&eacute;conomie d&rsquo;un bon nom de marque, lisez cette success story.&nbsp; Longtemps, sous le nom&nbsp;d&rsquo;extrait de lupin, les Laboratoires Expanscience ont propos&eacute; aux grands industriels [&hellip;]<\/p>\n","protected":false},"author":1,"featured_media":0,"parent":3081,"menu_order":5,"comment_status":"closed","ping_status":"closed","template":"","meta":{"footnotes":""},"class_list":["post-3075","page","type-page","status-publish","hentry"],"yoast_head":"<!-- This site is optimized with the Yoast SEO plugin v23.9 - https:\/\/yoast.com\/wordpress\/plugins\/seo\/ -->\n<title>Collageneer - NAME CITY - Agence de cr\u00e9ation de noms et de contenus<\/title>\n<meta name=\"description\" content=\"Signant la vocation de recherche des Laboratoires Expanscience, la nouvelle marque BtoB voit la courbe de ses ventes s&#039;envolerSi vous pensez que les produits BtoB peuvent faire l\u2019\u00e9conomie d\u2019un bon nom de marque, lisez cette success story.\u00a0 Longtemps, sous le nom\u00a0d\u2019extrait de lupin, les Laboratoires Expanscience ont propos\u00e9 aux grands industriels de la beaut\u00e9 un actif cosm\u00e9tique am\u00e9liorant consid\u00e9rablement le collag\u00e8ne de la peau. Rebaptis\u00e9e Collageneer par Name City, la marque conna\u00eet alors un rebond notable et voit s\u2019envoler la courbe des ventes.\" \/>\n<meta name=\"robots\" content=\"index, follow, max-snippet:-1, max-image-preview:large, max-video-preview:-1\" \/>\n<link rel=\"canonical\" href=\"https:\/\/name-city.fr\/index.php\/success-stories\/collageneer\/\" \/>\n<meta property=\"og:locale\" content=\"fr_FR\" \/>\n<meta property=\"og:type\" content=\"article\" \/>\n<meta property=\"og:title\" content=\"Collageneer - NAME CITY - Agence de cr\u00e9ation de noms et de contenus\" \/>\n<meta property=\"og:description\" content=\"Signant la vocation de recherche des Laboratoires Expanscience, la nouvelle marque BtoB voit la courbe de ses ventes s&#039;envolerSi vous pensez que les produits BtoB peuvent faire l\u2019\u00e9conomie d\u2019un bon nom de marque, lisez cette success story.\u00a0 Longtemps, sous le nom\u00a0d\u2019extrait de lupin, les Laboratoires Expanscience ont propos\u00e9 aux grands industriels de la beaut\u00e9 un actif cosm\u00e9tique am\u00e9liorant consid\u00e9rablement le collag\u00e8ne de la peau. Rebaptis\u00e9e Collageneer par Name City, la marque conna\u00eet alors un rebond notable et voit s\u2019envoler la courbe des ventes.\" \/>\n<meta property=\"og:url\" content=\"https:\/\/name-city.fr\/index.php\/success-stories\/collageneer\/\" \/>\n<meta property=\"og:site_name\" content=\"NAME CITY - Agence de cr\u00e9ation de noms et de contenus\" \/>\n<meta property=\"article:modified_time\" content=\"2023-03-31T17:43:12+00:00\" \/>\n<meta name=\"twitter:card\" content=\"summary_large_image\" \/>\n<meta name=\"twitter:label1\" content=\"Dur\u00e9e de lecture estim\u00e9e\" \/>\n\t<meta name=\"twitter:data1\" content=\"1 minute\" \/>\n<script type=\"application\/ld+json\" class=\"yoast-schema-graph\">{\"@context\":\"https:\/\/schema.org\",\"@graph\":[{\"@type\":\"WebPage\",\"@id\":\"https:\/\/name-city.fr\/index.php\/success-stories\/collageneer\/\",\"url\":\"https:\/\/name-city.fr\/index.php\/success-stories\/collageneer\/\",\"name\":\"Collageneer - NAME CITY - Agence de cr\u00e9ation de noms et de contenus\",\"isPartOf\":{\"@id\":\"https:\/\/name-city.fr\/#website\"},\"datePublished\":\"2021-09-30T14:22:24+00:00\",\"dateModified\":\"2023-03-31T17:43:12+00:00\",\"description\":\"Signant la vocation de recherche des Laboratoires Expanscience, la nouvelle marque BtoB voit la courbe de ses ventes s'envolerSi vous pensez que les produits BtoB peuvent faire l\u2019\u00e9conomie d\u2019un bon nom de marque, lisez cette success story.\u00a0 Longtemps, sous le nom\u00a0d\u2019extrait de lupin, les Laboratoires Expanscience ont propos\u00e9 aux grands industriels de la beaut\u00e9 un actif cosm\u00e9tique am\u00e9liorant consid\u00e9rablement le collag\u00e8ne de la peau. Rebaptis\u00e9e Collageneer par Name City, la marque conna\u00eet alors un rebond notable et voit s\u2019envoler la courbe des ventes.\",\"breadcrumb\":{\"@id\":\"https:\/\/name-city.fr\/index.php\/success-stories\/collageneer\/#breadcrumb\"},\"inLanguage\":\"fr-FR\",\"potentialAction\":[{\"@type\":\"ReadAction\",\"target\":[\"https:\/\/name-city.fr\/index.php\/success-stories\/collageneer\/\"]}]},{\"@type\":\"BreadcrumbList\",\"@id\":\"https:\/\/name-city.fr\/index.php\/success-stories\/collageneer\/#breadcrumb\",\"itemListElement\":[{\"@type\":\"ListItem\",\"position\":1,\"name\":\"Accueil\",\"item\":\"https:\/\/name-city.fr\/\"},{\"@type\":\"ListItem\",\"position\":2,\"name\":\"Success Stories\",\"item\":\"https:\/\/name-city.fr\/index.php\/success-stories\/\"},{\"@type\":\"ListItem\",\"position\":3,\"name\":\"Collageneer\"}]},{\"@type\":\"WebSite\",\"@id\":\"https:\/\/name-city.fr\/#website\",\"url\":\"https:\/\/name-city.fr\/\",\"name\":\"NAME CITY - Agence de cr\u00e9ation de noms et de contenus\",\"description\":\"\",\"publisher\":{\"@id\":\"https:\/\/name-city.fr\/#organization\"},\"potentialAction\":[{\"@type\":\"SearchAction\",\"target\":{\"@type\":\"EntryPoint\",\"urlTemplate\":\"https:\/\/name-city.fr\/?s={search_term_string}\"},\"query-input\":{\"@type\":\"PropertyValueSpecification\",\"valueRequired\":true,\"valueName\":\"search_term_string\"}}],\"inLanguage\":\"fr-FR\"},{\"@type\":\"Organization\",\"@id\":\"https:\/\/name-city.fr\/#organization\",\"name\":\"Name City\",\"url\":\"https:\/\/name-city.fr\/\",\"logo\":{\"@type\":\"ImageObject\",\"inLanguage\":\"fr-FR\",\"@id\":\"https:\/\/name-city.fr\/#\/schema\/logo\/image\/\",\"url\":\"https:\/\/name-city.fr\/wp-content\/uploads\/cropped-Logo-Name-City-blanc2.png\",\"contentUrl\":\"https:\/\/name-city.fr\/wp-content\/uploads\/cropped-Logo-Name-City-blanc2.png\",\"width\":1492,\"height\":537,\"caption\":\"Name City\"},\"image\":{\"@id\":\"https:\/\/name-city.fr\/#\/schema\/logo\/image\/\"},\"sameAs\":[\"https:\/\/www.linkedin.com\/company\/3034367\/admin\/\"]}]}<\/script>\n<!-- \/ Yoast SEO plugin. -->","yoast_head_json":{"title":"Collageneer - NAME CITY - Agence de cr\u00e9ation de noms et de contenus","description":"Signant la vocation de recherche des Laboratoires Expanscience, la nouvelle marque BtoB voit la courbe de ses ventes s'envolerSi vous pensez que les produits BtoB peuvent faire l\u2019\u00e9conomie d\u2019un bon nom de marque, lisez cette success story.\u00a0 Longtemps, sous le nom\u00a0d\u2019extrait de lupin, les Laboratoires Expanscience ont propos\u00e9 aux grands industriels de la beaut\u00e9 un actif cosm\u00e9tique am\u00e9liorant consid\u00e9rablement le collag\u00e8ne de la peau. Rebaptis\u00e9e Collageneer par Name City, la marque conna\u00eet alors un rebond notable et voit s\u2019envoler la courbe des ventes.","robots":{"index":"index","follow":"follow","max-snippet":"max-snippet:-1","max-image-preview":"max-image-preview:large","max-video-preview":"max-video-preview:-1"},"canonical":"https:\/\/name-city.fr\/index.php\/success-stories\/collageneer\/","og_locale":"fr_FR","og_type":"article","og_title":"Collageneer - NAME CITY - Agence de cr\u00e9ation de noms et de contenus","og_description":"Signant la vocation de recherche des Laboratoires Expanscience, la nouvelle marque BtoB voit la courbe de ses ventes s'envolerSi vous pensez que les produits BtoB peuvent faire l\u2019\u00e9conomie d\u2019un bon nom de marque, lisez cette success story.\u00a0 Longtemps, sous le nom\u00a0d\u2019extrait de lupin, les Laboratoires Expanscience ont propos\u00e9 aux grands industriels de la beaut\u00e9 un actif cosm\u00e9tique am\u00e9liorant consid\u00e9rablement le collag\u00e8ne de la peau. Rebaptis\u00e9e Collageneer par Name City, la marque conna\u00eet alors un rebond notable et voit s\u2019envoler la courbe des ventes.","og_url":"https:\/\/name-city.fr\/index.php\/success-stories\/collageneer\/","og_site_name":"NAME CITY - Agence de cr\u00e9ation de noms et de contenus","article_modified_time":"2023-03-31T17:43:12+00:00","twitter_card":"summary_large_image","twitter_misc":{"Dur\u00e9e de lecture estim\u00e9e":"1 minute"},"schema":{"@context":"https:\/\/schema.org","@graph":[{"@type":"WebPage","@id":"https:\/\/name-city.fr\/index.php\/success-stories\/collageneer\/","url":"https:\/\/name-city.fr\/index.php\/success-stories\/collageneer\/","name":"Collageneer - NAME CITY - Agence de cr\u00e9ation de noms et de contenus","isPartOf":{"@id":"https:\/\/name-city.fr\/#website"},"datePublished":"2021-09-30T14:22:24+00:00","dateModified":"2023-03-31T17:43:12+00:00","description":"Signant la vocation de recherche des Laboratoires Expanscience, la nouvelle marque BtoB voit la courbe de ses ventes s'envolerSi vous pensez que les produits BtoB peuvent faire l\u2019\u00e9conomie d\u2019un bon nom de marque, lisez cette success story.\u00a0 Longtemps, sous le nom\u00a0d\u2019extrait de lupin, les Laboratoires Expanscience ont propos\u00e9 aux grands industriels de la beaut\u00e9 un actif cosm\u00e9tique am\u00e9liorant consid\u00e9rablement le collag\u00e8ne de la peau. Rebaptis\u00e9e Collageneer par Name City, la marque conna\u00eet alors un rebond notable et voit s\u2019envoler la courbe des ventes.","breadcrumb":{"@id":"https:\/\/name-city.fr\/index.php\/success-stories\/collageneer\/#breadcrumb"},"inLanguage":"fr-FR","potentialAction":[{"@type":"ReadAction","target":["https:\/\/name-city.fr\/index.php\/success-stories\/collageneer\/"]}]},{"@type":"BreadcrumbList","@id":"https:\/\/name-city.fr\/index.php\/success-stories\/collageneer\/#breadcrumb","itemListElement":[{"@type":"ListItem","position":1,"name":"Accueil","item":"https:\/\/name-city.fr\/"},{"@type":"ListItem","position":2,"name":"Success Stories","item":"https:\/\/name-city.fr\/index.php\/success-stories\/"},{"@type":"ListItem","position":3,"name":"Collageneer"}]},{"@type":"WebSite","@id":"https:\/\/name-city.fr\/#website","url":"https:\/\/name-city.fr\/","name":"NAME CITY - Agence de cr\u00e9ation de noms et de contenus","description":"","publisher":{"@id":"https:\/\/name-city.fr\/#organization"},"potentialAction":[{"@type":"SearchAction","target":{"@type":"EntryPoint","urlTemplate":"https:\/\/name-city.fr\/?s={search_term_string}"},"query-input":{"@type":"PropertyValueSpecification","valueRequired":true,"valueName":"search_term_string"}}],"inLanguage":"fr-FR"},{"@type":"Organization","@id":"https:\/\/name-city.fr\/#organization","name":"Name City","url":"https:\/\/name-city.fr\/","logo":{"@type":"ImageObject","inLanguage":"fr-FR","@id":"https:\/\/name-city.fr\/#\/schema\/logo\/image\/","url":"https:\/\/name-city.fr\/wp-content\/uploads\/cropped-Logo-Name-City-blanc2.png","contentUrl":"https:\/\/name-city.fr\/wp-content\/uploads\/cropped-Logo-Name-City-blanc2.png","width":1492,"height":537,"caption":"Name City"},"image":{"@id":"https:\/\/name-city.fr\/#\/schema\/logo\/image\/"},"sameAs":["https:\/\/www.linkedin.com\/company\/3034367\/admin\/"]}]}},"_links":{"self":[{"href":"https:\/\/name-city.fr\/index.php\/wp-json\/wp\/v2\/pages\/3075","targetHints":{"allow":["GET"]}}],"collection":[{"href":"https:\/\/name-city.fr\/index.php\/wp-json\/wp\/v2\/pages"}],"about":[{"href":"https:\/\/name-city.fr\/index.php\/wp-json\/wp\/v2\/types\/page"}],"author":[{"embeddable":true,"href":"https:\/\/name-city.fr\/index.php\/wp-json\/wp\/v2\/users\/1"}],"replies":[{"embeddable":true,"href":"https:\/\/name-city.fr\/index.php\/wp-json\/wp\/v2\/comments?post=3075"}],"version-history":[{"count":2,"href":"https:\/\/name-city.fr\/index.php\/wp-json\/wp\/v2\/pages\/3075\/revisions"}],"predecessor-version":[{"id":3091,"href":"https:\/\/name-city.fr\/index.php\/wp-json\/wp\/v2\/pages\/3075\/revisions\/3091"}],"up":[{"embeddable":true,"href":"https:\/\/name-city.fr\/index.php\/wp-json\/wp\/v2\/pages\/3081"}],"wp:attachment":[{"href":"https:\/\/name-city.fr\/index.php\/wp-json\/wp\/v2\/media?parent=3075"}],"curies":[{"name":"wp","href":"https:\/\/api.w.org\/{rel}","templated":true}]}}