{"id":1862,"date":"2019-06-05T15:40:24","date_gmt":"2019-06-05T13:40:24","guid":{"rendered":"https:\/\/www.name-city.fr\/?page_id=1862"},"modified":"2023-10-10T18:21:19","modified_gmt":"2023-10-10T16:21:19","slug":"10-naming-faux-pas","status":"publish","type":"page","link":"https:\/\/name-city.fr\/index.php\/10-naming-faux-pas\/","title":{"rendered":"10 naming faux-pas"},"content":{"rendered":"<p><strong>A priori, trouver un nom de marque est un processus long et compliqu\u00e9&#8230;<\/strong><\/p>\n<p>Mais n&rsquo;avez-vous pas d\u00e9j\u00e0 trouv\u00e9 un nom pour vos enfants, votre animal de compagnie ou votre pseudo sur Twitter ?<\/p>\n<p><strong>Cela ne devrait pas \u00eatre si difficile de trouver un nom pour votre marque ou votre soci\u00e9t\u00e9 !<\/strong><\/p>\n<p>Selon certains, il suffit simplement de suivre quelques r\u00e8gles :<\/p>\n<h3><strong>FAUX PAS #1\u00a0 zapper les<\/strong><strong> \u00e9tudes<br \/>\n<\/strong><\/h3>\n<p>Inutile d\u2019analyser votre march\u00e9, de vous pencher sur ce que font vos concurrents ou de conna\u00eetre vos potentiels clients. La recherche, on peut bien s&rsquo;en passer\u2026<\/p>\n<p style=\"text-align: left;\"><strong><img loading=\"lazy\" decoding=\"async\" class=\"alignleft wp-image-2963\" src=\"https:\/\/name-city.fr\/wp-content\/uploads\/574290-150x150.png\" alt=\"\" width=\"59\" height=\"59\" srcset=\"https:\/\/name-city.fr\/wp-content\/uploads\/574290-150x150.png 150w, https:\/\/name-city.fr\/wp-content\/uploads\/574290-300x300.png 300w, https:\/\/name-city.fr\/wp-content\/uploads\/574290-768x768.png 768w, https:\/\/name-city.fr\/wp-content\/uploads\/574290-508x508.png 508w, https:\/\/name-city.fr\/wp-content\/uploads\/574290.png 1024w\" sizes=\"auto, (max-width: 59px) 100vw, 59px\" \/>M\u00eame si spontan\u00e9ment des noms vous viennent \u00e0 l&rsquo;esprit ne perdez pas de vue votre positionnement, votre environnement et&#8230; bien \u00e9videmment les attentes de vos clients \ud83d\ude09<\/strong><\/p>\n<h3><strong>FAUX PAS #2 <\/strong><strong>Organiser un grand brainstorming<\/strong><\/h3>\n<p>Avec vos futurs associ\u00e9s, mais pas seulement.<\/p>\n<p>Ouvrez-vous de nouveaux horizons : fa\u00eetes participer votre charmante voisine de pallier, le coursier qui vous a avou\u00e9 \u00eatre po\u00e8te \u00e0 ses heures et m\u00eame votre cousin qui a du temps libre en ce moment\u2026 Installez-vous dans une grande pi\u00e8ce avec pizzas, caf\u00e9s et boissons \u00e9nergisantes, sans oublier un tableau pour noter tout ce qui fuse. Car bien entendu, les id\u00e9es vont fuser.<\/p>\n<p>Mais attention n\u2019allez pas trop loin : laissez-vous guider par celui qui parle le plus fort, \u00e9coutez plut\u00f4t votre N+1 que le stagiaire ou retenez uniquement les noms consensuels sur lesquels tout le monde est d\u2019accord. Sinon vous re risquez de vexer les participants\u2026<\/p>\n<p><strong><img loading=\"lazy\" decoding=\"async\" class=\"alignleft wp-image-2963\" src=\"https:\/\/name-city.fr\/wp-content\/uploads\/574290-150x150.png\" alt=\"\" width=\"59\" height=\"59\" srcset=\"https:\/\/name-city.fr\/wp-content\/uploads\/574290-150x150.png 150w, https:\/\/name-city.fr\/wp-content\/uploads\/574290-300x300.png 300w, https:\/\/name-city.fr\/wp-content\/uploads\/574290-768x768.png 768w, https:\/\/name-city.fr\/wp-content\/uploads\/574290-508x508.png 508w, https:\/\/name-city.fr\/wp-content\/uploads\/574290.png 1024w\" sizes=\"auto, (max-width: 59px) 100vw, 59px\" \/>A moins d&rsquo;\u00eatre un sp\u00e9cialiste, mener un brainstorming peu s&rsquo;av\u00e9rer totalement contre-productif.\u00a0<\/strong><\/p>\n<p>&nbsp;<\/p>\n<h3><strong>FAUX PAS #3\u00a0 <\/strong><strong>\u00catre descriptif, descriptif, descriptif&#8230; <\/strong><\/h3>\n<p>Votre entreprise commercialise des logiciels de comptabilit\u00e9 sp\u00e9cialement con\u00e7us pour les architectes : \u00ab ArchiCompta \u00bb ; Vous r\u00e9parez uniquement les anciens PC : \u00ab OldPC Repair \u00bb ; Vous d\u00e9veloppez une application de g\u00e9olocalisation : \u00ab G\u00e9oLoc \u00bb\u2026 Trouver un nom d&rsquo;entreprise descriptif efficace : tellement facile !<\/p>\n<p><strong><img loading=\"lazy\" decoding=\"async\" class=\"alignleft wp-image-2963 \" src=\"https:\/\/name-city.fr\/wp-content\/uploads\/574290-150x150.png\" alt=\"\" width=\"59\" height=\"59\" srcset=\"https:\/\/name-city.fr\/wp-content\/uploads\/574290-150x150.png 150w, https:\/\/name-city.fr\/wp-content\/uploads\/574290-300x300.png 300w, https:\/\/name-city.fr\/wp-content\/uploads\/574290-768x768.png 768w, https:\/\/name-city.fr\/wp-content\/uploads\/574290-508x508.png 508w, https:\/\/name-city.fr\/wp-content\/uploads\/574290.png 1024w\" sizes=\"auto, (max-width: 59px) 100vw, 59px\" \/>Pour \u00e9viter tout risque de confusion, l&rsquo;INPI refuse les noms g\u00e9n\u00e9riques ou trop descriptifs. Plus votre nom de marque est unique et distinctif, plus vous pourrez le d\u00e9poser facilement.<\/strong><\/p>\n<p>&nbsp;<\/p>\n<h3><strong>FAUX PAS #4\u00a0 <\/strong><strong>Interroger un g\u00e9n\u00e9rateur de noms<br \/>\n<\/strong><\/h3>\n<p>C\u2019est tellement simple : vous indiquez l&rsquo;activit\u00e9 de votre entreprise (imaginons que vous lanciez une gamme de produits bio) et vous appuyez sur le bouton. M\u00eame pas le temps de pr\u00e9parer un caf\u00e9 qu&rsquo;est d\u00e9j\u00e0 tomb\u00e9e une liste de noms de r\u00eave : BioVente, VenteGreen, BioNet, ProduitGreen\u2026 Que demander de plus pour trouver le nom de son produit ou de son entreprise ?<\/p>\n<p><strong>N&rsquo;oublions jamais que les g\u00e9n\u00e9rateurs de noms sont des robots. A priori, vous futurs clients eux sont bien humains !<\/strong><\/p>\n<p style=\"text-align: center;\"><a href=\"https:\/\/www.funexpo-expo.com\/\" target=\"_blank\" rel=\"noopener noreferrer\"><img loading=\"lazy\" decoding=\"async\" class=\"aligncenter wp-image-2061 size-full\" title=\"les erreurs \u00e0 \u00e9viter pour cr\u00e9er son nom de marque\" src=\"https:\/\/name-city.fr\/wp-content\/uploads\/funexpo-2016.jpg\" alt=\"les erreurs \u00e0 \u00e9viter pour cr\u00e9er son nom de marque\" width=\"652\" height=\"251\" srcset=\"https:\/\/name-city.fr\/wp-content\/uploads\/funexpo-2016.jpg 652w, https:\/\/name-city.fr\/wp-content\/uploads\/funexpo-2016-300x115.jpg 300w\" sizes=\"auto, (max-width: 652px) 100vw, 652px\" \/><\/a><em>\u00ab\u00a0<a href=\"https:\/\/www.funexpo-expo.com\/\" target=\"_blank\" rel=\"noopener noreferrer\">Fun + expo<\/a>\u00a0\u00bb : comme son nom ne l&rsquo;indique pas, le Salon des \u00e9quipements fun\u00e9raires<\/em><\/p>\n<p>&nbsp;<\/p>\n<p>&nbsp;<\/p>\n<h3><strong>FAUX PAS #5\u00a0\u00a0 <\/strong><strong>faire court<\/strong> <strong>a tout prix<\/strong><\/h3>\n<p>Focalisez-vous sur des acronymes ou des noms qui ne font pas plus de trois lettres. Au-del\u00e0 qui pourra s\u2019en souvenir ? C\u2019est d\u2019ailleurs pour cette raison qu&rsquo;aucune marque ne s&rsquo;appellera jamais <a href=\"https:\/\/name-city.fr\/index.php\/naming-makeup\/\">Phenomen&rsquo;eyes<\/a> ou <a href=\"https:\/\/www.kisskissbankbank.com\/\" target=\"_blank\" rel=\"noopener noreferrer\">Kiss Kiss Bank Bank<\/a>&#8230;<\/p>\n<p><strong><img loading=\"lazy\" decoding=\"async\" class=\"alignleft wp-image-2963 \" src=\"https:\/\/name-city.fr\/wp-content\/uploads\/574290-150x150.png\" alt=\"\" width=\"59\" height=\"59\" srcset=\"https:\/\/name-city.fr\/wp-content\/uploads\/574290-150x150.png 150w, https:\/\/name-city.fr\/wp-content\/uploads\/574290-300x300.png 300w, https:\/\/name-city.fr\/wp-content\/uploads\/574290-768x768.png 768w, https:\/\/name-city.fr\/wp-content\/uploads\/574290-508x508.png 508w, https:\/\/name-city.fr\/wp-content\/uploads\/574290.png 1024w\" sizes=\"auto, (max-width: 59px) 100vw, 59px\" \/>Le cerveau est ainsi fait qu&rsquo;il retiendra plus facilement un nom long qui a une jolie musique qu&rsquo;un nom court qui sonne mal.<\/strong><\/p>\n<p>&nbsp;<\/p>\n<p style=\"text-align: center;\"><em><a href=\"http:\/\/www.name-city.net\/#!\/success-stories\/phenomen-eyes\" target=\"_blank\" rel=\"noopener noreferrer\"><img loading=\"lazy\" decoding=\"async\" class=\"aligncenter wp-image-1968\" title=\"Nos conseils pour cr\u00e9er votre nom de marque\" src=\"https:\/\/name-city.fr\/wp-content\/uploads\/phnomen-eyes.jpg\" alt=\"Nos conseils pour cr\u00e9er votre nom de marque\" width=\"652\" height=\"425\" srcset=\"https:\/\/name-city.fr\/wp-content\/uploads\/phnomen-eyes.jpg 723w, https:\/\/name-city.fr\/wp-content\/uploads\/phnomen-eyes-300x195.jpg 300w, https:\/\/name-city.fr\/wp-content\/uploads\/phnomen-eyes-690x450.jpg 690w\" sizes=\"auto, (max-width: 652px) 100vw, 652px\" \/><\/a><\/em><em>Phenomen&rsquo;Eyes : 13 lettres pour un mascara devenu leader mondial !<br \/>\n<\/em><\/p>\n<p>&nbsp;<\/p>\n<p><strong>\u00a0<\/strong><\/p>\n<h3><strong>FAUX PAS #6\u00a0 <\/strong><strong>Retenir tout ce qui vous passe par la t\u00eate<\/strong><\/h3>\n<p>Y compris les noms totalement impronon\u00e7ables \u2026 Apr\u00e8s tout, vos clients finiront bien par s\u2019habituer. Et ce n&rsquo;est pas si grave s&rsquo;il est constamment d\u00e9form\u00e9 ou si c&rsquo;est une insulte \u00e9pouvantable dans une langue \u00e9trang\u00e8re&#8230;<\/p>\n<p><strong><img loading=\"lazy\" decoding=\"async\" class=\"alignleft wp-image-2963 \" src=\"https:\/\/name-city.fr\/wp-content\/uploads\/574290-150x150.png\" alt=\"\" width=\"59\" height=\"59\" srcset=\"https:\/\/name-city.fr\/wp-content\/uploads\/574290-150x150.png 150w, https:\/\/name-city.fr\/wp-content\/uploads\/574290-300x300.png 300w, https:\/\/name-city.fr\/wp-content\/uploads\/574290-768x768.png 768w, https:\/\/name-city.fr\/wp-content\/uploads\/574290-508x508.png 508w, https:\/\/name-city.fr\/wp-content\/uploads\/574290.png 1024w\" sizes=\"auto, (max-width: 59px) 100vw, 59px\" \/><\/strong><\/p>\n<p><strong>On l&rsquo;oublie parfois au moment de la cr\u00e9ation, mais un nom de marque sera prononc\u00e9 des milliers de fois dans des contextes culturels souvent tr\u00e8s diff\u00e9rents.<\/strong><\/p>\n<h3><\/h3>\n<h3><\/h3>\n<h3><strong>FAUX PAS #7\u00a0\u00a0 <\/strong><strong>privil\u00e9gier les noms qui n\u2019\u00e9voquent rien<\/strong><\/h3>\n<p>Tels que les acronymes ou les noms neutres et passe-partout. Et tant pis s\u2019ils ne donnent aucune indication sur les b\u00e9n\u00e9fices de vos produits ou services. Au moins, ils ne feront pas de vagues\u2026<\/p>\n<p><strong><img loading=\"lazy\" decoding=\"async\" class=\"alignleft wp-image-2963\" src=\"https:\/\/name-city.fr\/wp-content\/uploads\/574290-150x150.png\" alt=\"\" width=\"59\" height=\"59\" srcset=\"https:\/\/name-city.fr\/wp-content\/uploads\/574290-150x150.png 150w, https:\/\/name-city.fr\/wp-content\/uploads\/574290-300x300.png 300w, https:\/\/name-city.fr\/wp-content\/uploads\/574290-768x768.png 768w, https:\/\/name-city.fr\/wp-content\/uploads\/574290-508x508.png 508w, https:\/\/name-city.fr\/wp-content\/uploads\/574290.png 1024w\" sizes=\"auto, (max-width: 59px) 100vw, 59px\" \/>Pour se faire conna\u00eetre, un produit ou une soci\u00e9t\u00e9 dot\u00e9 d&rsquo;un nom banal demandera des investissements beaucoup plus cons\u00e9quents en mati\u00e8re de communication.<br \/>\n<\/strong><\/p>\n<h3><\/h3>\n<p>&nbsp;<\/p>\n<h3><strong>FAUX PAS #8\u00a0 <\/strong><strong>Cr\u00e9er votre nom de marque uniquement en fonction de la disponibilit\u00e9 du nom de domaine<\/strong><\/h3>\n<p>Vous avez beau chercher : les extensions en .fr et en .com qui vous int\u00e9ressent ne sont jamais disponibles ? Vous pouvez vous rabattre sur jjht.fr ou lwpphj.com&#8230; Pour le marketing et la communication on vous fait remarquer que cela risque de ne pas \u00eatre facile. Peu importe, \u00e0 l\u2019\u00e8re du num\u00e9rique, ce qui compte c\u2019est d\u2019avoir un .com, non ?<\/p>\n<p><strong><img loading=\"lazy\" decoding=\"async\" class=\"alignleft wp-image-2963\" src=\"https:\/\/name-city.fr\/wp-content\/uploads\/574290-150x150.png\" alt=\"\" width=\"59\" height=\"59\" srcset=\"https:\/\/name-city.fr\/wp-content\/uploads\/574290-150x150.png 150w, https:\/\/name-city.fr\/wp-content\/uploads\/574290-300x300.png 300w, https:\/\/name-city.fr\/wp-content\/uploads\/574290-768x768.png 768w, https:\/\/name-city.fr\/wp-content\/uploads\/574290-508x508.png 508w, https:\/\/name-city.fr\/wp-content\/uploads\/574290.png 1024w\" sizes=\"auto, (max-width: 59px) 100vw, 59px\" \/>S&rsquo;il vous faut absolument un .com disponible, vous pouvez ajouter un mot-cl\u00e9 qui pr\u00e9cisera votre expertise ou votre positionnement. Il est \u00e9galement courant aujourd&rsquo;hui de choisir\u00a0 une extension sp\u00e9cialis\u00e9e : .paris, .events, .global, .buzz&#8230; il en existe plus de 200 !<br \/>\n<\/strong><\/p>\n<h3><\/h3>\n<h3><strong>FAUX PAS #9\u00a0 <\/strong><strong>faire appel \u00e0 un site de crowdsourcing<\/strong><\/h3>\n<p>Ainsi pour quelques euros, vous pourrez demander au premier venu qui passait sur le net de trouver le nom qui coche toutes les cases.<\/p>\n<p>Donnez une br\u00e8ve description de vos services\/produits (pas trop de d\u00e9tails, quand m\u00eame car votre projet est confidentiel) et laissez la sagesse de la foule anonyme vous conduire \u00e0 un nom exceptionnel ! Un nom qui bien entendu n\u2019aura pas d\u00e9j\u00e0 \u00e9t\u00e9 d\u00e9pos\u00e9&#8230;<\/p>\n<p><strong><img loading=\"lazy\" decoding=\"async\" class=\"alignleft wp-image-2963\" src=\"https:\/\/name-city.fr\/wp-content\/uploads\/574290-150x150.png\" alt=\"\" width=\"59\" height=\"59\" srcset=\"https:\/\/name-city.fr\/wp-content\/uploads\/574290-150x150.png 150w, https:\/\/name-city.fr\/wp-content\/uploads\/574290-300x300.png 300w, https:\/\/name-city.fr\/wp-content\/uploads\/574290-768x768.png 768w, https:\/\/name-city.fr\/wp-content\/uploads\/574290-508x508.png 508w, https:\/\/name-city.fr\/wp-content\/uploads\/574290.png 1024w\" sizes=\"auto, (max-width: 59px) 100vw, 59px\" \/>Etant donn\u00e9 le niveau de leurs r\u00e9mun\u00e9rations, les meilleurs professionnels de la cr\u00e9ation ne proposent que tr\u00e8s rarement leurs services sur ce type de plateformes collaboratives. Tout d\u00e9pend donc de la valeur que vous donnez \u00e0 vos projets.<\/strong><\/p>\n<p>&nbsp;<\/p>\n<h3><strong>FAUX PAS #10 <\/strong><strong>laisser tomber<a href=\"https:\/\/name-city.fr\/index.php\/expertises\/\" target=\"_blank\" rel=\"noopener noreferrer\"> les signatures<\/a>\u00a0 <\/strong><\/h3>\n<p>C\u2019est d\u00e9j\u00e0 suffisamment difficile de trouver un nom ! Qui a besoin en plus de pr\u00e9ciser son positionnement ?<\/p>\n<p><strong>Quant \u00e0 la v\u00e9rification juridique ?\u00a0 <\/strong>L\u00e0 aussi pourquoi recourir \u00e0 <a href=\"https:\/\/www.cncpi.fr\/\" target=\"_blank\" rel=\"noopener noreferrer\">un sp\u00e9cialiste<\/a> ? Fa\u00eetes une recherche dans Google, cela suffira bien ! Et d\u00e9posez votre nom de soci\u00e9t\u00e9 \u00e0 l&rsquo;INPI vous-m\u00eame.<\/p>\n<p>Pour le conseil et la surveillance du d\u00e9p\u00f4t de votre nom de marque, vous verrez bien\u2026 Plus tard\u2026<\/p>\n<p>&nbsp;<\/p>\n<p><strong><img loading=\"lazy\" decoding=\"async\" class=\"alignleft wp-image-2963\" src=\"https:\/\/name-city.fr\/wp-content\/uploads\/574290-150x150.png\" alt=\"\" width=\"59\" height=\"59\" srcset=\"https:\/\/name-city.fr\/wp-content\/uploads\/574290-150x150.png 150w, https:\/\/name-city.fr\/wp-content\/uploads\/574290-300x300.png 300w, https:\/\/name-city.fr\/wp-content\/uploads\/574290-768x768.png 768w, https:\/\/name-city.fr\/wp-content\/uploads\/574290-508x508.png 508w, https:\/\/name-city.fr\/wp-content\/uploads\/574290.png 1024w\" sizes=\"auto, (max-width: 59px) 100vw, 59px\" \/><\/strong><\/p>\n<p><strong>Pr\u00e8s de 100 000 marques sont d\u00e9pos\u00e9es en France chaque ann\u00e9e. Cette \u00e9tape capitale n&rsquo;est pas la plus simple. Avant de vous lancer et d\u2019investir votre argent dans le d\u00e9p\u00f4t d\u2019une marque, en conna\u00eetre les chances de succ\u00e8s vous permettra de gagner du temps et de l\u2019argent en vous \u00e9vitant de proc\u00e9der au d\u00e9p\u00f4t d\u2019une marque qui n\u2019a que tr\u00e8s peu de chances d\u2019\u00eatre d\u00e9pos\u00e9e. Sans oublier\u00a0 le risque d&rsquo;\u00eatre attaqu\u00e9 pour contrefa\u00e7on, en concurrence d\u00e9loyale et\/ou en nullit\u00e9&#8230;<\/strong><\/p>\n<p>Si l&rsquo;avis d&rsquo;un professionnel vous parait urgent, n&rsquo;h\u00e9sitez pas \u00e0 nous contacter :<\/p>\n<p>contact@name-city.net<\/p>\n<p>&nbsp;<\/p>\n","protected":false},"excerpt":{"rendered":"<p>A priori, trouver un nom de marque est un processus long et compliqu&eacute;&hellip; Mais n&rsquo;avez-vous pas d&eacute;j&agrave; trouv&eacute; un nom pour vos enfants, votre animal de compagnie ou votre pseudo sur Twitter ? Cela ne devrait pas &ecirc;tre si difficile de trouver un nom pour votre marque ou votre soci&eacute;t&eacute; ! Selon certains, il suffit [&hellip;]<\/p>\n","protected":false},"author":1,"featured_media":0,"parent":0,"menu_order":0,"comment_status":"closed","ping_status":"closed","template":"","meta":{"footnotes":""},"class_list":["post-1862","page","type-page","status-publish","hentry"],"yoast_head":"<!-- This site is optimized with the Yoast SEO plugin v23.9 - https:\/\/yoast.com\/wordpress\/plugins\/seo\/ -->\n<title>Trouver un nom de marque ou de soci\u00e9t\u00e9 en 10 \u00e9tapes<\/title>\n<meta name=\"description\" content=\"Trouver le nom de marque magique, ce n\u2019est pas si difficile. N&#039;avez-vous pas d\u00e9j\u00e0 trouv\u00e9 un nom pour vos enfants ou votre pseudo sur Twitter ?\" \/>\n<meta name=\"robots\" content=\"index, follow, max-snippet:-1, max-image-preview:large, max-video-preview:-1\" \/>\n<link rel=\"canonical\" href=\"https:\/\/name-city.fr\/index.php\/10-naming-faux-pas\/\" \/>\n<meta property=\"og:locale\" content=\"fr_FR\" \/>\n<meta property=\"og:type\" content=\"article\" \/>\n<meta property=\"og:title\" content=\"Trouver un nom de marque ou de soci\u00e9t\u00e9 en 10 \u00e9tapes\" \/>\n<meta property=\"og:description\" content=\"Trouver le nom de marque magique, ce n\u2019est pas si difficile. N&#039;avez-vous pas d\u00e9j\u00e0 trouv\u00e9 un nom pour vos enfants ou votre pseudo sur Twitter ?\" \/>\n<meta property=\"og:url\" content=\"https:\/\/name-city.fr\/index.php\/10-naming-faux-pas\/\" \/>\n<meta property=\"og:site_name\" content=\"NAME CITY - Agence de cr\u00e9ation de noms et de contenus\" \/>\n<meta property=\"article:modified_time\" content=\"2023-10-10T16:21:19+00:00\" \/>\n<meta property=\"og:image\" content=\"https:\/\/name-city.fr\/wp-content\/uploads\/574290-150x150.png\" \/>\n<meta name=\"twitter:card\" content=\"summary_large_image\" \/>\n<meta name=\"twitter:label1\" content=\"Dur\u00e9e de lecture estim\u00e9e\" \/>\n\t<meta name=\"twitter:data1\" content=\"6 minutes\" \/>\n<script type=\"application\/ld+json\" class=\"yoast-schema-graph\">{\"@context\":\"https:\/\/schema.org\",\"@graph\":[{\"@type\":\"WebPage\",\"@id\":\"https:\/\/name-city.fr\/index.php\/10-naming-faux-pas\/\",\"url\":\"https:\/\/name-city.fr\/index.php\/10-naming-faux-pas\/\",\"name\":\"Trouver un nom de marque ou de soci\u00e9t\u00e9 en 10 \u00e9tapes\",\"isPartOf\":{\"@id\":\"https:\/\/name-city.fr\/#website\"},\"primaryImageOfPage\":{\"@id\":\"https:\/\/name-city.fr\/index.php\/10-naming-faux-pas\/#primaryimage\"},\"image\":{\"@id\":\"https:\/\/name-city.fr\/index.php\/10-naming-faux-pas\/#primaryimage\"},\"thumbnailUrl\":\"https:\/\/name-city.fr\/wp-content\/uploads\/574290-150x150.png\",\"datePublished\":\"2019-06-05T13:40:24+00:00\",\"dateModified\":\"2023-10-10T16:21:19+00:00\",\"description\":\"Trouver le nom de marque magique, ce n\u2019est pas si difficile. N'avez-vous pas d\u00e9j\u00e0 trouv\u00e9 un nom pour vos enfants ou votre pseudo sur Twitter ?\",\"breadcrumb\":{\"@id\":\"https:\/\/name-city.fr\/index.php\/10-naming-faux-pas\/#breadcrumb\"},\"inLanguage\":\"fr-FR\",\"potentialAction\":[{\"@type\":\"ReadAction\",\"target\":[\"https:\/\/name-city.fr\/index.php\/10-naming-faux-pas\/\"]}]},{\"@type\":\"ImageObject\",\"inLanguage\":\"fr-FR\",\"@id\":\"https:\/\/name-city.fr\/index.php\/10-naming-faux-pas\/#primaryimage\",\"url\":\"https:\/\/name-city.fr\/wp-content\/uploads\/574290.png\",\"contentUrl\":\"https:\/\/name-city.fr\/wp-content\/uploads\/574290.png\",\"width\":1024,\"height\":1024},{\"@type\":\"BreadcrumbList\",\"@id\":\"https:\/\/name-city.fr\/index.php\/10-naming-faux-pas\/#breadcrumb\",\"itemListElement\":[{\"@type\":\"ListItem\",\"position\":1,\"name\":\"Accueil\",\"item\":\"https:\/\/name-city.fr\/\"},{\"@type\":\"ListItem\",\"position\":2,\"name\":\"10 naming faux-pas\"}]},{\"@type\":\"WebSite\",\"@id\":\"https:\/\/name-city.fr\/#website\",\"url\":\"https:\/\/name-city.fr\/\",\"name\":\"NAME CITY - Agence de cr\u00e9ation de noms et de contenus\",\"description\":\"\",\"publisher\":{\"@id\":\"https:\/\/name-city.fr\/#organization\"},\"potentialAction\":[{\"@type\":\"SearchAction\",\"target\":{\"@type\":\"EntryPoint\",\"urlTemplate\":\"https:\/\/name-city.fr\/?s={search_term_string}\"},\"query-input\":{\"@type\":\"PropertyValueSpecification\",\"valueRequired\":true,\"valueName\":\"search_term_string\"}}],\"inLanguage\":\"fr-FR\"},{\"@type\":\"Organization\",\"@id\":\"https:\/\/name-city.fr\/#organization\",\"name\":\"Name City\",\"url\":\"https:\/\/name-city.fr\/\",\"logo\":{\"@type\":\"ImageObject\",\"inLanguage\":\"fr-FR\",\"@id\":\"https:\/\/name-city.fr\/#\/schema\/logo\/image\/\",\"url\":\"https:\/\/name-city.fr\/wp-content\/uploads\/cropped-Logo-Name-City-blanc2.png\",\"contentUrl\":\"https:\/\/name-city.fr\/wp-content\/uploads\/cropped-Logo-Name-City-blanc2.png\",\"width\":1492,\"height\":537,\"caption\":\"Name City\"},\"image\":{\"@id\":\"https:\/\/name-city.fr\/#\/schema\/logo\/image\/\"},\"sameAs\":[\"https:\/\/www.linkedin.com\/company\/3034367\/admin\/\"]}]}<\/script>\n<!-- \/ Yoast SEO plugin. -->","yoast_head_json":{"title":"Trouver un nom de marque ou de soci\u00e9t\u00e9 en 10 \u00e9tapes","description":"Trouver le nom de marque magique, ce n\u2019est pas si difficile. N'avez-vous pas d\u00e9j\u00e0 trouv\u00e9 un nom pour vos enfants ou votre pseudo sur Twitter ?","robots":{"index":"index","follow":"follow","max-snippet":"max-snippet:-1","max-image-preview":"max-image-preview:large","max-video-preview":"max-video-preview:-1"},"canonical":"https:\/\/name-city.fr\/index.php\/10-naming-faux-pas\/","og_locale":"fr_FR","og_type":"article","og_title":"Trouver un nom de marque ou de soci\u00e9t\u00e9 en 10 \u00e9tapes","og_description":"Trouver le nom de marque magique, ce n\u2019est pas si difficile. N'avez-vous pas d\u00e9j\u00e0 trouv\u00e9 un nom pour vos enfants ou votre pseudo sur Twitter ?","og_url":"https:\/\/name-city.fr\/index.php\/10-naming-faux-pas\/","og_site_name":"NAME CITY - Agence de cr\u00e9ation de noms et de contenus","article_modified_time":"2023-10-10T16:21:19+00:00","og_image":[{"url":"https:\/\/name-city.fr\/wp-content\/uploads\/574290-150x150.png"}],"twitter_card":"summary_large_image","twitter_misc":{"Dur\u00e9e de lecture estim\u00e9e":"6 minutes"},"schema":{"@context":"https:\/\/schema.org","@graph":[{"@type":"WebPage","@id":"https:\/\/name-city.fr\/index.php\/10-naming-faux-pas\/","url":"https:\/\/name-city.fr\/index.php\/10-naming-faux-pas\/","name":"Trouver un nom de marque ou de soci\u00e9t\u00e9 en 10 \u00e9tapes","isPartOf":{"@id":"https:\/\/name-city.fr\/#website"},"primaryImageOfPage":{"@id":"https:\/\/name-city.fr\/index.php\/10-naming-faux-pas\/#primaryimage"},"image":{"@id":"https:\/\/name-city.fr\/index.php\/10-naming-faux-pas\/#primaryimage"},"thumbnailUrl":"https:\/\/name-city.fr\/wp-content\/uploads\/574290-150x150.png","datePublished":"2019-06-05T13:40:24+00:00","dateModified":"2023-10-10T16:21:19+00:00","description":"Trouver le nom de marque magique, ce n\u2019est pas si difficile. N'avez-vous pas d\u00e9j\u00e0 trouv\u00e9 un nom pour vos enfants ou votre pseudo sur Twitter ?","breadcrumb":{"@id":"https:\/\/name-city.fr\/index.php\/10-naming-faux-pas\/#breadcrumb"},"inLanguage":"fr-FR","potentialAction":[{"@type":"ReadAction","target":["https:\/\/name-city.fr\/index.php\/10-naming-faux-pas\/"]}]},{"@type":"ImageObject","inLanguage":"fr-FR","@id":"https:\/\/name-city.fr\/index.php\/10-naming-faux-pas\/#primaryimage","url":"https:\/\/name-city.fr\/wp-content\/uploads\/574290.png","contentUrl":"https:\/\/name-city.fr\/wp-content\/uploads\/574290.png","width":1024,"height":1024},{"@type":"BreadcrumbList","@id":"https:\/\/name-city.fr\/index.php\/10-naming-faux-pas\/#breadcrumb","itemListElement":[{"@type":"ListItem","position":1,"name":"Accueil","item":"https:\/\/name-city.fr\/"},{"@type":"ListItem","position":2,"name":"10 naming faux-pas"}]},{"@type":"WebSite","@id":"https:\/\/name-city.fr\/#website","url":"https:\/\/name-city.fr\/","name":"NAME CITY - Agence de cr\u00e9ation de noms et de contenus","description":"","publisher":{"@id":"https:\/\/name-city.fr\/#organization"},"potentialAction":[{"@type":"SearchAction","target":{"@type":"EntryPoint","urlTemplate":"https:\/\/name-city.fr\/?s={search_term_string}"},"query-input":{"@type":"PropertyValueSpecification","valueRequired":true,"valueName":"search_term_string"}}],"inLanguage":"fr-FR"},{"@type":"Organization","@id":"https:\/\/name-city.fr\/#organization","name":"Name City","url":"https:\/\/name-city.fr\/","logo":{"@type":"ImageObject","inLanguage":"fr-FR","@id":"https:\/\/name-city.fr\/#\/schema\/logo\/image\/","url":"https:\/\/name-city.fr\/wp-content\/uploads\/cropped-Logo-Name-City-blanc2.png","contentUrl":"https:\/\/name-city.fr\/wp-content\/uploads\/cropped-Logo-Name-City-blanc2.png","width":1492,"height":537,"caption":"Name City"},"image":{"@id":"https:\/\/name-city.fr\/#\/schema\/logo\/image\/"},"sameAs":["https:\/\/www.linkedin.com\/company\/3034367\/admin\/"]}]}},"_links":{"self":[{"href":"https:\/\/name-city.fr\/index.php\/wp-json\/wp\/v2\/pages\/1862","targetHints":{"allow":["GET"]}}],"collection":[{"href":"https:\/\/name-city.fr\/index.php\/wp-json\/wp\/v2\/pages"}],"about":[{"href":"https:\/\/name-city.fr\/index.php\/wp-json\/wp\/v2\/types\/page"}],"author":[{"embeddable":true,"href":"https:\/\/name-city.fr\/index.php\/wp-json\/wp\/v2\/users\/1"}],"replies":[{"embeddable":true,"href":"https:\/\/name-city.fr\/index.php\/wp-json\/wp\/v2\/comments?post=1862"}],"version-history":[{"count":100,"href":"https:\/\/name-city.fr\/index.php\/wp-json\/wp\/v2\/pages\/1862\/revisions"}],"predecessor-version":[{"id":3506,"href":"https:\/\/name-city.fr\/index.php\/wp-json\/wp\/v2\/pages\/1862\/revisions\/3506"}],"wp:attachment":[{"href":"https:\/\/name-city.fr\/index.php\/wp-json\/wp\/v2\/media?parent=1862"}],"curies":[{"name":"wp","href":"https:\/\/api.w.org\/{rel}","templated":true}]}}